e prime factors of 187808?
2, 5869
List the prime factors of 2330933.
11, 29, 7307
What are the prime factors of 505425?
3, 5, 23, 293
What are the prime factors of 6684700?
2, 5, 11, 59, 103
What are the prime factors of 317851?
19, 16729
List the prime factors of 339375.
3, 5, 181
List the prime factors of 14169573.
3, 11, 19, 31
What are the prime factors of 8529314?
2, 37, 79, 1459
What are the prime factors of 2506444?
2, 626611
What are the prime factors of 3206478?
2, 3, 11, 19, 2557
List the prime factors of 523554.
2, 3, 71, 1229
List the prime factors of 1447278.
2, 3, 7, 17, 2027
What are the prime factors of 490914?
2, 3, 9091
What are the prime factors of 12711297?
3, 557, 7607
List the prime factors of 2503837.
7, 89, 4019
What are the prime factors of 6578546?
2, 13, 421, 601
List the prime factors of 4094295.
3, 5, 499, 547
List the prime factors of 214775.
5, 11, 71
What are the prime factors of 7194750?
2, 3, 5, 53, 181
What are the prime factors of 780682?
2, 7, 55763
What are the prime factors of 715957?
11, 61, 97
What are the prime factors of 153185?
5, 30637
What are the prime factors of 7738458?
2, 3, 7, 13, 14173
What are the prime factors of 99238?
2, 29, 59
List the prime factors of 1800278.
2, 900139
What are the prime factors of 138601?
17, 31, 263
List the prime factors of 803544.
2, 3, 7, 4783
List the prime factors of 114375.
3, 5, 61
What are the prime factors of 24356102?
2, 12178051
List the prime factors of 7924380.
2, 3, 5, 17, 457
List the prime factors of 179425.
5, 7177
What are the prime factors of 6704100?
2, 3, 5, 13, 191
What are the prime factors of 30963?
3, 10321
List the prime factors of 25756.
2, 47, 137
List the prime factors of 675241.
7, 19, 5077
What are the prime factors of 2472685?
5, 29, 17053
What are the prime factors of 25383?
3, 8461
What are the prime factors of 228574?
2, 23, 4969
What are the prime factors of 166055?
5, 33211
What are the prime factors of 11915556?
2, 3, 992963
What are the prime factors of 18510098?
2, 311, 29759
What are the prime factors of 3678847?
3678847
What are the prime factors of 206054?
2, 269, 383
List the prime factors of 646212.
2, 3, 7, 157
What are the prime factors of 146828?
2, 11, 47, 71
What are the prime factors of 18087?
3, 6029
What are the prime factors of 226865?
5, 17, 157
List the prime factors of 2937862.
2, 277, 5303
What are the prime factors of 3112769?
11, 61, 4639
What are the prime factors of 2440967?
23, 106129
What are the prime factors of 175374?
2, 3, 9743
What are the prime factors of 618902?
2, 17, 109, 167
List the prime factors of 278869.
37, 7537
List the prime factors of 1318058.
2, 7, 31, 3037
List the prime factors of 1090288.
2, 83, 821
List the prime factors of 2983783.
11, 271253
What are the prime factors of 3562849?
3562849
List the prime factors of 6764174.
2, 163, 20749
What are the prime factors of 2783062?
2, 163, 8537
What are the prime factors of 10287006?
2, 3, 17, 100853
List the prime factors of 5699345.
5, 1139869
List the prime factors of 977552.
2, 107, 571
List the prime factors of 1487855.
5, 337, 883
List the prime factors of 23822131.
23822131
List the prime factors of 21203.
7, 13, 233
What are the prime factors of 933465?
3, 5, 13, 4787
What are the prime factors of 3517413?
3, 19, 23, 2683
List the prime factors of 1131285.
3, 5, 53, 1423
List the prime factors of 844624.
2, 11, 4799
List the prime factors of 4513981.
79, 57139
List the prime factors of 115563.
3, 7, 5503
What are the prime factors of 1487327?
43, 34589
What are the prime factors of 20613126?
2, 3, 3435521
What are the prime factors of 10512971?
7, 199, 7547
What are the prime factors of 2868627?
3, 659, 1451
What are the prime factors of 37465?
5, 59, 127
List the prime factors of 3671772.
2, 3, 13, 23537
List the prime factors of 782710.
2, 5, 29, 2699
What are the prime factors of 7669404?
2, 3, 23671
List the prime factors of 3292039.
3292039
List the prime factors of 1380959.
1380959
List the prime factors of 124380.
2, 3, 5, 691
List the prime factors of 4444572.
2, 3, 11, 3061
List the prime factors of 74421.
3, 8269
List the prime factors of 15320272.
2, 11, 61, 1427
What are the prime factors of 1595809?
23, 69383
List the prime factors of 2222509.
2222509
List the prime factors of 28474.
2, 23, 619
List the prime factors of 3653.
13, 281
List the prime factors of 12778522.
2, 1901, 3361
List the prime factors of 596481.
3, 198827
List the prime factors of 494396.
2, 7, 17657
What are the prime factors of 1659728?
2, 7, 29, 73
List the prime factors of 862824.
2, 3, 35951
What are the prime factors of 3979673?
1327, 2999
What are the prime factors of 2561?
13, 197
List the prime factors of 13618534.
2, 113, 60259
What are the prime factors of 401735?
5, 80347
List the prime factors of 5505068.
2, 811, 1697
What are the prime factors of 268008?
2, 3, 13, 859
What are the prime factors of 63095?
5, 12619
List the prime factors of 16995164.
2, 4248791
List the prime factors of 105341.
105341
What are the prime factors of 150304?
2, 7, 11, 61
What are the prime factors of 4365941?
59, 73999
List the prime factors of 127388.
2, 31847
List the prime factors of 1317177.
3, 17, 8609
What are the prime factors of 720280?
2, 5, 11, 1637
What are the prime factors of 122034?
2, 3, 11, 43
What are the prime factors of 992208?
2, 3, 7, 2953
List the prime factors of 720.
2, 3, 5
List the prime factors of 256297.
197, 1301
What are the prime factors of 189149?
189149
What are the prime factors of 560664?
2, 3, 13, 599
List the prime factors of 328568.
2, 67, 613
List the prime factors of 5289985.
5, 67, 15791
List the prime factors of 1219252.
2, 304813
What are the prime factors of 33181433?
17, 23, 113, 751
What are the prime factors of 276742?
2, 138371
List the prime factors of 964927.
964927
What are the prime factors of 238269?
3, 79423
List the prime factors of 1058040.
2, 3, 5, 2939
What are the prime factors of 788617?
181, 4357
What are the prime factors of 7982202?
2, 3, 643, 2069
What are the prime factors of 11328771?
3, 37, 102061
What are the prime factors of 23163?
3, 7, 1103
List the prime factors of 819520.
2, 5, 13, 197
What are the prime factors of 72651?
3, 61, 397
List the prime factors of 181429.
397, 457
List the prime factors of 399952.
2, 7, 3571
What are the prime factors of 4913175?
3, 5, 109, 601
What are the prime factors of 304822?
2, 7, 21773
List the prime factors of 99824.
2, 17, 367
What are the prime factors of 9099980?
2, 5, 61, 7459
What are the prime factors of 7161?
3, 7, 11, 31
List the prime factors of 5535130.
2, 5, 553513
List the prime factors of 159447.
3, 53149
List the prime factors of 267743.
7, 23, 1663
What are the prime factors of 1539903?
3, 37, 13873
What are the prime factors of 596709?
3, 66301
What are the prime factors of 219007?
389, 563
What are the prime factors of 4171418?
2, 23, 29, 53, 59
List the prime factors of 698710.
2, 5, 107, 653
List the prime factors of 14997695.
5, 2999539
List the prime factors of 26844277.
37, 463, 1567
List the prime factors of 1342760.
2, 5, 33569
List the prime factors of 1273908.
2, 3, 53, 2003
What are the prime factors of 10237069?
10237069
What are the prime factors of 148462?
2, 74231
What are the prime factors of 1132357?
967, 1171
What are the prime factors of 1927301?
31, 62171
What are the prime factors of 25990546?
2, 12995273
What are the prime factors of 2389?
2389
What are the prime factors of 7506595?
5, 829, 1811
What are the prime factors of 4700614?
2, 2350307
What are the prime factors of 9084571?
53, 181, 947
What are the prime factors of 10875977?
7, 1553711
What are the prime factors of 60002?
2, 19, 1579
What are the prime factors of 99483?
3, 33161
List the prime factors of 1194995.
5, 199, 1201
What are the prime factors of 21645?
3, 5, 13, 37
What are the prime factors of 6338420?
2, 5, 11, 47, 613
List the prime factors of 2415855.
3, 5, 13, 953
What are the prime factors of 325780?
2, 5, 7, 13, 179
List the prime factors of 12697428.
2, 3, 103, 10273
What are the prime factors of 466161?
3, 155387
List the prime factors of 1002092.
2, 7, 13, 2753
List the prime factors of 184876.
2, 46219
List the prime facto